{"id":9627,"date":"2025-07-31T14:33:55","date_gmt":"2025-07-31T14:33:55","guid":{"rendered":"https:\/\/www.bicixtrem.cat\/?post_type=product&#038;p=9627"},"modified":"2025-07-31T14:35:17","modified_gmt":"2025-07-31T14:35:17","slug":"bicicleta-scott-patron-st-900-tuned-carbon-black-2025","status":"publish","type":"product","link":"https:\/\/www.bicixtrem.cat\/es\/producte\/bicicleta-scott-patron-st-900-tuned-carbon-black-2025\/","title":{"rendered":"Bicicleta SCOTT Patron St 900 Tuned Carbon Black 2025"},"content":{"rendered":"","protected":false},"excerpt":{"rendered":"<dl class=\"data-sheet\">\n<dt class=\"name\">La fuerza de un levantador de pesas, la resistencia de un corredor de marat\u00f3n y el f\u00edsico de un gimnasta. Para los riders m\u00e1s exigentes que quieren afrontar las monta\u00f1as m\u00e1s salvajes, la NUEVA Patron eRIDE ST aprovecha lo \u00faltimo en tecnolog\u00eda de motor con la m\u00e1xima potencia y bater\u00eda en un dise\u00f1o agresivo pensado para dominar los senderos. La potencia, a tu servicio. Domina los senderos.Importante: las especificaciones t\u00e9cnicas de la bicicleta est\u00e1n sujetas a cambios sin previo aviso.<\/dt>\n<\/dl>\n","protected":false},"featured_media":9629,"template":"","meta":[],"product_brand":[],"product_cat":[37,39],"product_tag":[],"class_list":{"0":"post-9627","1":"product","2":"type-product","3":"status-publish","4":"has-post-thumbnail","6":"product_cat-electriques-de-muntanya","7":"product_cat-electriques-de-muntanya-trail","9":"first","10":"instock","11":"sale","12":"taxable","13":"shipping-taxable","14":"purchasable","15":"product-type-variable"},"yoast_head":"<!-- This site is optimized with the Yoast SEO plugin v27.2 - https:\/\/yoast.com\/product\/yoast-seo-wordpress\/ -->\n<title>Bicicleta SCOTT Patron St 900 Tuned Carbon Black 2025 - BiciXtrem<\/title>\n<meta name=\"robots\" content=\"index, follow, max-snippet:-1, max-image-preview:large, max-video-preview:-1\" \/>\n<link rel=\"canonical\" href=\"https:\/\/www.bicixtrem.cat\/es\/producte\/bicicleta-scott-patron-st-900-tuned-carbon-black-2025\/\" \/>\n<meta property=\"og:locale\" content=\"es_ES\" \/>\n<meta property=\"og:type\" content=\"article\" \/>\n<meta property=\"og:title\" content=\"Bicicleta SCOTT Patron St 900 Tuned Carbon Black 2025 - BiciXtrem\" \/>\n<meta property=\"og:description\" content=\"La fuerza de un levantador de pesas, la resistencia de un corredor de marat\u00f3n y el f\u00edsico de un gimnasta. Para los riders m\u00e1s exigentes que quieren afrontar las monta\u00f1as m\u00e1s salvajes, la NUEVA Patron eRIDE ST aprovecha lo \u00faltimo en tecnolog\u00eda de motor con la m\u00e1xima potencia y bater\u00eda en un dise\u00f1o agresivo pensado para dominar los senderos. La potencia, a tu servicio. Domina los senderos.Importante: las especificaciones t\u00e9cnicas de la bicicleta est\u00e1n sujetas a cambios sin previo aviso.\" \/>\n<meta property=\"og:url\" content=\"https:\/\/www.bicixtrem.cat\/es\/producte\/bicicleta-scott-patron-st-900-tuned-carbon-black-2025\/\" \/>\n<meta property=\"og:site_name\" content=\"BiciXtrem\" \/>\n<meta property=\"article:modified_time\" content=\"2025-07-31T14:35:17+00:00\" \/>\n<meta property=\"og:image\" content=\"https:\/\/www.bicixtrem.cat\/wp-content\/uploads\/2025\/07\/img-Bicicleta-SCOTT-Patron-St-900-Tuned-Carbon-Black-2025-bicixtreme.jpg\" \/>\n\t<meta property=\"og:image:width\" content=\"600\" \/>\n\t<meta property=\"og:image:height\" content=\"600\" \/>\n\t<meta property=\"og:image:type\" content=\"image\/jpeg\" \/>\n<meta name=\"twitter:card\" content=\"summary_large_image\" \/>\n<script type=\"application\/ld+json\" class=\"yoast-schema-graph\">{\"@context\":\"https:\/\/schema.org\",\"@graph\":[{\"@type\":\"WebPage\",\"@id\":\"https:\/\/www.bicixtrem.cat\/es\/producte\/bicicleta-scott-patron-st-900-tuned-carbon-black-2025\/\",\"url\":\"https:\/\/www.bicixtrem.cat\/es\/producte\/bicicleta-scott-patron-st-900-tuned-carbon-black-2025\/\",\"name\":\"Bicicleta SCOTT Patron St 900 Tuned Carbon Black 2025 - BiciXtrem\",\"isPartOf\":{\"@id\":\"https:\/\/www.bicixtrem.cat\/es\/#website\"},\"primaryImageOfPage\":{\"@id\":\"https:\/\/www.bicixtrem.cat\/es\/producte\/bicicleta-scott-patron-st-900-tuned-carbon-black-2025\/#primaryimage\"},\"image\":{\"@id\":\"https:\/\/www.bicixtrem.cat\/es\/producte\/bicicleta-scott-patron-st-900-tuned-carbon-black-2025\/#primaryimage\"},\"thumbnailUrl\":\"https:\/\/www.bicixtrem.cat\/wp-content\/uploads\/2025\/07\/img-Bicicleta-SCOTT-Patron-St-900-Tuned-Carbon-Black-2025-bicixtreme.jpg\",\"datePublished\":\"2025-07-31T14:33:55+00:00\",\"dateModified\":\"2025-07-31T14:35:17+00:00\",\"breadcrumb\":{\"@id\":\"https:\/\/www.bicixtrem.cat\/es\/producte\/bicicleta-scott-patron-st-900-tuned-carbon-black-2025\/#breadcrumb\"},\"inLanguage\":\"es\",\"potentialAction\":[{\"@type\":\"ReadAction\",\"target\":[\"https:\/\/www.bicixtrem.cat\/es\/producte\/bicicleta-scott-patron-st-900-tuned-carbon-black-2025\/\"]}]},{\"@type\":\"ImageObject\",\"inLanguage\":\"es\",\"@id\":\"https:\/\/www.bicixtrem.cat\/es\/producte\/bicicleta-scott-patron-st-900-tuned-carbon-black-2025\/#primaryimage\",\"url\":\"https:\/\/www.bicixtrem.cat\/wp-content\/uploads\/2025\/07\/img-Bicicleta-SCOTT-Patron-St-900-Tuned-Carbon-Black-2025-bicixtreme.jpg\",\"contentUrl\":\"https:\/\/www.bicixtrem.cat\/wp-content\/uploads\/2025\/07\/img-Bicicleta-SCOTT-Patron-St-900-Tuned-Carbon-Black-2025-bicixtreme.jpg\",\"width\":600,\"height\":600},{\"@type\":\"BreadcrumbList\",\"@id\":\"https:\/\/www.bicixtrem.cat\/es\/producte\/bicicleta-scott-patron-st-900-tuned-carbon-black-2025\/#breadcrumb\",\"itemListElement\":[{\"@type\":\"ListItem\",\"position\":1,\"name\":\"Inici\",\"item\":\"https:\/\/www.bicixtrem.cat\/es\/\"},{\"@type\":\"ListItem\",\"position\":2,\"name\":\"Bicicleta SCOTT Patron St 900 Tuned Carbon Black 2025\"}]},{\"@type\":\"WebSite\",\"@id\":\"https:\/\/www.bicixtrem.cat\/es\/#website\",\"url\":\"https:\/\/www.bicixtrem.cat\/es\/\",\"name\":\"BiciXtrem\",\"description\":\"La teva botiga i taller de confian\u00e7a al Bergued\u00e0\",\"publisher\":{\"@id\":\"https:\/\/www.bicixtrem.cat\/es\/#organization\"},\"potentialAction\":[{\"@type\":\"SearchAction\",\"target\":{\"@type\":\"EntryPoint\",\"urlTemplate\":\"https:\/\/www.bicixtrem.cat\/es\/?s={search_term_string}\"},\"query-input\":{\"@type\":\"PropertyValueSpecification\",\"valueRequired\":true,\"valueName\":\"search_term_string\"}}],\"inLanguage\":\"es\"},{\"@type\":\"Organization\",\"@id\":\"https:\/\/www.bicixtrem.cat\/es\/#organization\",\"name\":\"BiciXtrem\",\"url\":\"https:\/\/www.bicixtrem.cat\/es\/\",\"logo\":{\"@type\":\"ImageObject\",\"inLanguage\":\"es\",\"@id\":\"https:\/\/www.bicixtrem.cat\/es\/#\/schema\/logo\/image\/\",\"url\":\"https:\/\/www.bicixtrem.cat\/wp-content\/uploads\/2025\/07\/cropped-cropped-img-logo-bicixtrem-2025.png\",\"contentUrl\":\"https:\/\/www.bicixtrem.cat\/wp-content\/uploads\/2025\/07\/cropped-cropped-img-logo-bicixtrem-2025.png\",\"width\":599,\"height\":171,\"caption\":\"BiciXtrem\"},\"image\":{\"@id\":\"https:\/\/www.bicixtrem.cat\/es\/#\/schema\/logo\/image\/\"}}]}<\/script>\n<!-- \/ Yoast SEO plugin. -->","yoast_head_json":{"title":"Bicicleta SCOTT Patron St 900 Tuned Carbon Black 2025 - BiciXtrem","robots":{"index":"index","follow":"follow","max-snippet":"max-snippet:-1","max-image-preview":"max-image-preview:large","max-video-preview":"max-video-preview:-1"},"canonical":"https:\/\/www.bicixtrem.cat\/es\/producte\/bicicleta-scott-patron-st-900-tuned-carbon-black-2025\/","og_locale":"es_ES","og_type":"article","og_title":"Bicicleta SCOTT Patron St 900 Tuned Carbon Black 2025 - BiciXtrem","og_description":"La fuerza de un levantador de pesas, la resistencia de un corredor de marat\u00f3n y el f\u00edsico de un gimnasta. Para los riders m\u00e1s exigentes que quieren afrontar las monta\u00f1as m\u00e1s salvajes, la NUEVA Patron eRIDE ST aprovecha lo \u00faltimo en tecnolog\u00eda de motor con la m\u00e1xima potencia y bater\u00eda en un dise\u00f1o agresivo pensado para dominar los senderos. La potencia, a tu servicio. Domina los senderos.Importante: las especificaciones t\u00e9cnicas de la bicicleta est\u00e1n sujetas a cambios sin previo aviso.","og_url":"https:\/\/www.bicixtrem.cat\/es\/producte\/bicicleta-scott-patron-st-900-tuned-carbon-black-2025\/","og_site_name":"BiciXtrem","article_modified_time":"2025-07-31T14:35:17+00:00","og_image":[{"width":600,"height":600,"url":"https:\/\/www.bicixtrem.cat\/wp-content\/uploads\/2025\/07\/img-Bicicleta-SCOTT-Patron-St-900-Tuned-Carbon-Black-2025-bicixtreme.jpg","type":"image\/jpeg"}],"twitter_card":"summary_large_image","schema":{"@context":"https:\/\/schema.org","@graph":[{"@type":"WebPage","@id":"https:\/\/www.bicixtrem.cat\/es\/producte\/bicicleta-scott-patron-st-900-tuned-carbon-black-2025\/","url":"https:\/\/www.bicixtrem.cat\/es\/producte\/bicicleta-scott-patron-st-900-tuned-carbon-black-2025\/","name":"Bicicleta SCOTT Patron St 900 Tuned Carbon Black 2025 - BiciXtrem","isPartOf":{"@id":"https:\/\/www.bicixtrem.cat\/es\/#website"},"primaryImageOfPage":{"@id":"https:\/\/www.bicixtrem.cat\/es\/producte\/bicicleta-scott-patron-st-900-tuned-carbon-black-2025\/#primaryimage"},"image":{"@id":"https:\/\/www.bicixtrem.cat\/es\/producte\/bicicleta-scott-patron-st-900-tuned-carbon-black-2025\/#primaryimage"},"thumbnailUrl":"https:\/\/www.bicixtrem.cat\/wp-content\/uploads\/2025\/07\/img-Bicicleta-SCOTT-Patron-St-900-Tuned-Carbon-Black-2025-bicixtreme.jpg","datePublished":"2025-07-31T14:33:55+00:00","dateModified":"2025-07-31T14:35:17+00:00","breadcrumb":{"@id":"https:\/\/www.bicixtrem.cat\/es\/producte\/bicicleta-scott-patron-st-900-tuned-carbon-black-2025\/#breadcrumb"},"inLanguage":"es","potentialAction":[{"@type":"ReadAction","target":["https:\/\/www.bicixtrem.cat\/es\/producte\/bicicleta-scott-patron-st-900-tuned-carbon-black-2025\/"]}]},{"@type":"ImageObject","inLanguage":"es","@id":"https:\/\/www.bicixtrem.cat\/es\/producte\/bicicleta-scott-patron-st-900-tuned-carbon-black-2025\/#primaryimage","url":"https:\/\/www.bicixtrem.cat\/wp-content\/uploads\/2025\/07\/img-Bicicleta-SCOTT-Patron-St-900-Tuned-Carbon-Black-2025-bicixtreme.jpg","contentUrl":"https:\/\/www.bicixtrem.cat\/wp-content\/uploads\/2025\/07\/img-Bicicleta-SCOTT-Patron-St-900-Tuned-Carbon-Black-2025-bicixtreme.jpg","width":600,"height":600},{"@type":"BreadcrumbList","@id":"https:\/\/www.bicixtrem.cat\/es\/producte\/bicicleta-scott-patron-st-900-tuned-carbon-black-2025\/#breadcrumb","itemListElement":[{"@type":"ListItem","position":1,"name":"Inici","item":"https:\/\/www.bicixtrem.cat\/es\/"},{"@type":"ListItem","position":2,"name":"Bicicleta SCOTT Patron St 900 Tuned Carbon Black 2025"}]},{"@type":"WebSite","@id":"https:\/\/www.bicixtrem.cat\/es\/#website","url":"https:\/\/www.bicixtrem.cat\/es\/","name":"BiciXtrem","description":"La teva botiga i taller de confian\u00e7a al Bergued\u00e0","publisher":{"@id":"https:\/\/www.bicixtrem.cat\/es\/#organization"},"potentialAction":[{"@type":"SearchAction","target":{"@type":"EntryPoint","urlTemplate":"https:\/\/www.bicixtrem.cat\/es\/?s={search_term_string}"},"query-input":{"@type":"PropertyValueSpecification","valueRequired":true,"valueName":"search_term_string"}}],"inLanguage":"es"},{"@type":"Organization","@id":"https:\/\/www.bicixtrem.cat\/es\/#organization","name":"BiciXtrem","url":"https:\/\/www.bicixtrem.cat\/es\/","logo":{"@type":"ImageObject","inLanguage":"es","@id":"https:\/\/www.bicixtrem.cat\/es\/#\/schema\/logo\/image\/","url":"https:\/\/www.bicixtrem.cat\/wp-content\/uploads\/2025\/07\/cropped-cropped-img-logo-bicixtrem-2025.png","contentUrl":"https:\/\/www.bicixtrem.cat\/wp-content\/uploads\/2025\/07\/cropped-cropped-img-logo-bicixtrem-2025.png","width":599,"height":171,"caption":"BiciXtrem"},"image":{"@id":"https:\/\/www.bicixtrem.cat\/es\/#\/schema\/logo\/image\/"}}]}},"_links":{"self":[{"href":"https:\/\/www.bicixtrem.cat\/es\/wp-json\/wp\/v2\/product\/9627","targetHints":{"allow":["GET"]}}],"collection":[{"href":"https:\/\/www.bicixtrem.cat\/es\/wp-json\/wp\/v2\/product"}],"about":[{"href":"https:\/\/www.bicixtrem.cat\/es\/wp-json\/wp\/v2\/types\/product"}],"version-history":[{"count":1,"href":"https:\/\/www.bicixtrem.cat\/es\/wp-json\/wp\/v2\/product\/9627\/revisions"}],"predecessor-version":[{"id":9631,"href":"https:\/\/www.bicixtrem.cat\/es\/wp-json\/wp\/v2\/product\/9627\/revisions\/9631"}],"wp:featuredmedia":[{"embeddable":true,"href":"https:\/\/www.bicixtrem.cat\/es\/wp-json\/wp\/v2\/media\/9629"}],"wp:attachment":[{"href":"https:\/\/www.bicixtrem.cat\/es\/wp-json\/wp\/v2\/media?parent=9627"}],"wp:term":[{"taxonomy":"product_brand","embeddable":true,"href":"https:\/\/www.bicixtrem.cat\/es\/wp-json\/wp\/v2\/product_brand?post=9627"},{"taxonomy":"product_cat","embeddable":true,"href":"https:\/\/www.bicixtrem.cat\/es\/wp-json\/wp\/v2\/product_cat?post=9627"},{"taxonomy":"product_tag","embeddable":true,"href":"https:\/\/www.bicixtrem.cat\/es\/wp-json\/wp\/v2\/product_tag?post=9627"}],"curies":[{"name":"wp","href":"https:\/\/api.w.org\/{rel}","templated":true}]}}

<dl class="data-sheet">
<dt class="name">La fuerza de un levantador de pesas, la resistencia de un corredor de maratón y el físico de un gimnasta. Para los riders más exigentes que quieren afrontar las montañas más salvajes, la NUEVA Patron eRIDE ST aprovecha lo último en tecnología de motor con la máxima potencia y batería en un diseño agresivo pensado para dominar los senderos. La potencia, a tu servicio. Domina los senderos.Importante: las especificaciones técnicas de la bicicleta están sujetas a cambios sin previo aviso.</dt>
</dl>

<!-- This site is optimized with the Yoast SEO plugin v27.2 - https://yoast.com/product/yoast-seo-wordpress/ -->
<title>Bicicleta SCOTT Patron St 900 Tuned Carbon Black 2025 - BiciXtrem</title>
<meta name="robots" content="index, follow, max-snippet:-1, max-image-preview:large, max-video-preview:-1" />
<link rel="canonical" href="https://www.bicixtrem.cat/es/producte/bicicleta-scott-patron-st-900-tuned-carbon-black-2025/" />
<meta property="og:locale" content="es_ES" />
<meta property="og:type" content="article" />
<meta property="og:title" content="Bicicleta SCOTT Patron St 900 Tuned Carbon Black 2025 - BiciXtrem" />
<meta property="og:description" content="La fuerza de un levantador de pesas, la resistencia de un corredor de maratón y el físico de un gimnasta. Para los riders más exigentes que quieren afrontar las montañas más salvajes, la NUEVA Patron eRIDE ST aprovecha lo último en tecnología de motor con la máxima potencia y batería en un diseño agresivo pensado para dominar los senderos. La potencia, a tu servicio. Domina los senderos.Importante: las especificaciones técnicas de la bicicleta están sujetas a cambios sin previo aviso." />
<meta property="og:url" content="https://www.bicixtrem.cat/es/producte/bicicleta-scott-patron-st-900-tuned-carbon-black-2025/" />
<meta property="og:site_name" content="BiciXtrem" />
<meta property="article:modified_time" content="2025-07-31T14:35:17+00:00" />
<meta property="og:image" content="https://www.bicixtrem.cat/wp-content/uploads/2025/07/img-Bicicleta-SCOTT-Patron-St-900-Tuned-Carbon-Black-2025-bicixtreme.jpg" />
	<meta property="og:image:width" content="600" />
	<meta property="og:image:height" content="600" />
	<meta property="og:image:type" content="image/jpeg" />
<meta name="twitter:card" content="summary_large_image" />
<script type="application/ld+json" class="yoast-schema-graph">{"@context":"https://schema.org","@graph":[{"@type":"WebPage","@id":"https://www.bicixtrem.cat/es/producte/bicicleta-scott-patron-st-900-tuned-carbon-black-2025/","url":"https://www.bicixtrem.cat/es/producte/bicicleta-scott-patron-st-900-tuned-carbon-black-2025/","name":"Bicicleta SCOTT Patron St 900 Tuned Carbon Black 2025 - BiciXtrem","isPartOf":{"@id":"https://www.bicixtrem.cat/es/#website"},"primaryImageOfPage":{"@id":"https://www.bicixtrem.cat/es/producte/bicicleta-scott-patron-st-900-tuned-carbon-black-2025/#primaryimage"},"image":{"@id":"https://www.bicixtrem.cat/es/producte/bicicleta-scott-patron-st-900-tuned-carbon-black-2025/#primaryimage"},"thumbnailUrl":"https://www.bicixtrem.cat/wp-content/uploads/2025/07/img-Bicicleta-SCOTT-Patron-St-900-Tuned-Carbon-Black-2025-bicixtreme.jpg","datePublished":"2025-07-31T14:33:55+00:00","dateModified":"2025-07-31T14:35:17+00:00","breadcrumb":{"@id":"https://www.bicixtrem.cat/es/producte/bicicleta-scott-patron-st-900-tuned-carbon-black-2025/#breadcrumb"},"inLanguage":"es","potentialAction":[{"@type":"ReadAction","target":["https://www.bicixtrem.cat/es/producte/bicicleta-scott-patron-st-900-tuned-carbon-black-2025/"]}]},{"@type":"ImageObject","inLanguage":"es","@id":"https://www.bicixtrem.cat/es/producte/bicicleta-scott-patron-st-900-tuned-carbon-black-2025/#primaryimage","url":"https://www.bicixtrem.cat/wp-content/uploads/2025/07/img-Bicicleta-SCOTT-Patron-St-900-Tuned-Carbon-Black-2025-bicixtreme.jpg","contentUrl":"https://www.bicixtrem.cat/wp-content/uploads/2025/07/img-Bicicleta-SCOTT-Patron-St-900-Tuned-Carbon-Black-2025-bicixtreme.jpg","width":600,"height":600},{"@type":"BreadcrumbList","@id":"https://www.bicixtrem.cat/es/producte/bicicleta-scott-patron-st-900-tuned-carbon-black-2025/#breadcrumb","itemListElement":[{"@type":"ListItem","position":1,"name":"Inici","item":"https://www.bicixtrem.cat/es/"},{"@type":"ListItem","position":2,"name":"Bicicleta SCOTT Patron St 900 Tuned Carbon Black 2025"}]},{"@type":"WebSite","@id":"https://www.bicixtrem.cat/es/#website","url":"https://www.bicixtrem.cat/es/","name":"BiciXtrem","description":"La teva botiga i taller de confiança al Berguedà","publisher":{"@id":"https://www.bicixtrem.cat/es/#organization"},"potentialAction":[{"@type":"SearchAction","target":{"@type":"EntryPoint","urlTemplate":"https://www.bicixtrem.cat/es/?s={search_term_string}"},"query-input":{"@type":"PropertyValueSpecification","valueRequired":true,"valueName":"search_term_string"}}],"inLanguage":"es"},{"@type":"Organization","@id":"https://www.bicixtrem.cat/es/#organization","name":"BiciXtrem","url":"https://www.bicixtrem.cat/es/","logo":{"@type":"ImageObject","inLanguage":"es","@id":"https://www.bicixtrem.cat/es/#/schema/logo/image/","url":"https://www.bicixtrem.cat/wp-content/uploads/2025/07/cropped-cropped-img-logo-bicixtrem-2025.png","contentUrl":"https://www.bicixtrem.cat/wp-content/uploads/2025/07/cropped-cropped-img-logo-bicixtrem-2025.png","width":599,"height":171,"caption":"BiciXtrem"},"image":{"@id":"https://www.bicixtrem.cat/es/#/schema/logo/image/"}}]}</script>
<!-- / Yoast SEO plugin. -->

La fuerza de un levantador de pesas, la resistencia de un corredor de maratón y el físico de un gimnasta. Para los riders más exigentes que quieren afrontar las montañas más salvajes, la NUEVA Patron eRIDE ST aprovecha lo último en tecnología de motor con la máxima potencia y batería en un diseño agresivo pensado para dominar los senderos. La potencia, a tu servicio. Domina los senderos.Importante: las especificaciones técnicas de la bicicleta están sujetas a cambios sin previo aviso.

La teva botiga i taller de confiança al Berguedà
